g + 20 = 2*r, g - u*r + 16 = 2*r. Suppose 45 = g*h + 1. What are the prime factors of h?
11
List the prime factors of (0 - 4)/(-8)*62.
31
What are the prime factors of ((-2)/(-4))/(1/202)?
101
Let y = -8 - -16. Suppose -n = -q + 6*q - 28, 2*n + 19 = 5*q. Suppose g - y = -n*g. List the prime factors of g.
2
Let w(c) = -2*c**3 - c**2 + 2*c + 1. Let l be w(-2). Let v be (-42)/(-6) + 1/1. What are the prime factors of (v/3)/(6/l)?
2
What are the prime factors of (-29)/(-2 - -1) - -1?
2, 3, 5
Let y(a) = 2*a**2 + 4. Let f be y(0). What are the prime factors of (16/(-8))/(f/(-22))?
11
Let n(t) = 3*t. Let q(r) = -10*r - 1. Let v(a) = 14*n(a) + 4*q(a). Let k(g) = 2*g - 18. Let h be k(13). List the prime factors of v(h).
2, 3
Let k = -5 - -11. Suppose k*n - 203 = -83. List the prime factors of n.
2, 5
Suppose 6*j = -0*j + 24. Suppose -2*h = -4*h - q + 32, j*h + q - 68 = 0. List the prime factors of h.
2, 3
Let x = 7 - -7. What are the prime factors of x?
2, 7
Suppose 20 = 5*d, 0 = -4*r + 2*d - 3 - 5. Suppose -3*c + 12 = r, v = -4*v - 5*c + 80. List the prime factors of v.
2, 3
List the prime factors of (1 - 12)*(-2 - (15 + 0)).
11, 17
Suppose 0 = -2*q + 2 + 6. Suppose -1 = q*t - 5*t. Suppose 3*m + 3*k = 57, -5*k - 11 = -2*m - t. What are the prime factors of m?
3, 5
Suppose -b + 130 = 4*x, 2*x + 5*b - 90 = -16. What are the prime factors of x?
2
Suppose 3*r - 3*z - 69 = 0, -z + 43 = 2*r - 6*z. Suppose 4*v = k + k + r, 3*k - 4 = v. Suppose -v + 20 = 3*a. What are the prime factors of a?
2
Suppose -7 - 3 = -2*i. Let f(m) = m**2 - 3*m - 7. List the prime factors of f(i).
3
Let q(c) = 8*c - 5 + 1 + 4. List the prime factors of q(3).
2, 3
Suppose 3*y - 4 = y. Suppose -2*s - 48 = -2*c, -c - y*s + 20 = s. List the prime factors of c.
23
Suppose 3*j = 5*x + 4*j - 146, -74 = -3*x - 4*j. List the prime factors of x.
2, 3, 5
Let v(l) = -l**3 - 4*l**2 - 4*l - 5. Suppose -u + 6*u - 10 = 0. Let j be (-4)/2 - (u - 0). What are the prime factors of v(j)?
11
Let l = 83 - 47. List the prime factors of l.
2, 3
Suppose 0*y - y = 0. Suppose y*c + 5*j = c, 0 = -c + j. Suppose 7 = -c*b + b. What are the prime factors of b?
7
Suppose 5*n = 110 + 10. List the prime factors of n.
2, 3
Suppose 0*u - 8 = -4*q - 3*u, -4*q - 5*u = 0. Suppose l - 6*l + 24 = 3*h, -15 = q*l. What are the prime factors of h?
13
Let d(a) = -a**2 - 3*a + 5. Let r be d(-4). Suppose 5*i - 45 = 2*y, 4*i = -i - 2*y + 45. Suppose i = x + r. What are the prime factors of x?
2
Let h = 47 + -26. Let y = -14 + h. Let j = 13 - y. List the prime factors of j.
2, 3
Suppose -31 + 261 = 5*i - 3*n, 5*i = -5*n + 190. What are the prime factors of i?
43
Suppose 0 = 4*r - 4*t - 552, -547 = -4*r - 0*r + 5*t. What are the prime factors of r?
11, 13
Let q = -36 + 15. Let d = q - -34. What are the prime factors of d?
13
Suppose -2*x + 1 + 1 = 0. What are the prime factors of (12 + -11)/(x/12)?
2, 3
Suppose -124 = -p - 4*v - 17, -209 = -2*p - 3*v. List the prime factors of p.
103
Let j be -1*(0/2 + 1). Let h be 2 + (11 - 2) + j. Suppose 2*g = 30 - h. What are the prime factors of g?
2, 5
Suppose -r - 4*s = -3*r, r + 5*s + 35 = 0. Suppose 3*u = 5*u - 40. Let d = u + r. List the prime factors of d.
2, 5
Let t(s) = -s**2 - 9*s - 6. Let n be t(-8). Suppose 2 = n*w - 2. List the prime factors of w.
2
Suppose 3*r + 2*r = 1435. List the prime factors of r.
7, 41
Let b be (-2)/(-1) - 33/3. Let j = b + 14. Suppose r + 3*x = 22, -x = -j*r + x + 42. List the prime factors of r.
2, 5
Let t(a) = a**2 - 2*a - 2. Let k be t(-3). Let q = k - -8. List the prime factors of q.
3, 7
Suppose 0 = 2*j + 4*y - 44, j - y = 3*y - 8. Let d = -6 + j. List the prime factors of d.
2, 3
Let r = -53 - -143. List the prime factors of r.
2, 3, 5
Suppose 0 = 5*a + o + 17, o + o + 2 = -2*a. Let w(p) = -p**3 - 2*p**2 + 5*p - 3. What are the prime factors of w(a)?
3
Suppose 0 = j - 4*j. Suppose j = -3*s + 5*t - 6*t + 36, -2*s = 2*t - 28. What are the prime factors of s?
11
Suppose 0 = -2*a - 5*d + 3*d - 36, 4*d = a - 7. Let f = 1 - a. Suppose -f = -3*i - 0*h + h, 3*i - 3*h = 24. List the prime factors of i.
3
Let w = -4 - -9. Suppose 0 = w*c - 3*a - 21, -c + 4*a + 11 = -0*c. List the prime factors of c.
3
Let g(x) = -2*x + 2. Let o be g(-3). Suppose 0 = 4*f + f + 4*z - 40, -o = -f - 4*z. Suppose -2*p + 22 = 2*c, 5*c = p + f - 1. What are the prime factors of p?
2
Let u = 18 - -8. What are the prime factors of u?
2, 13
Suppose -4*d + 2*r = -3 - 17, 2*r = d - 8. Let y(n) = -n**3 + 3*n**2 + 6*n - 6. What are the prime factors of y(d)?
2
Suppose 225 = 4*c - 127. List the prime factors of c.
2, 11
Let g = -125 + 287. What are the prime factors of g?
2, 3
Let p(u) = 16*u**3 - 11*u - 49. Let l(i) = -3*i**3 + 2*i + 10. Let c(w) = 11*l(w) + 2*p(w). What are the prime factors of c(0)?
2, 3
Suppose -3*x = -0*x - 12, 2*x - 13 = -5*b. What are the prime factors of (-3 + b)*30/(-3)?
2, 5
Suppose -n + 4*n = 27. Let y = -15 + n. List the prime factors of 2 + (-33)/y*2.
13
Let z be 1*(-162)/(-1 + -1). Let f = z + -44. What are the prime factors of f?
37
Let l be -2 + (3 - 2) + 1. Let y be l - (1 + 4)*-1. Suppose -y*u = 2*b + 3 - 1, -2*u - 44 = -4*b. List the prime factors of b.
3
Let l = -24 + 75. What are the prime factors of l?
3, 17
Suppose c = 3*c - 30. List the prime factors of (c/(-6))/5*-4.
2
Let g(s) = 3*s**2 + 8*s + 14. Let c(f) = f**2 + 3*f + 5. Let a(i) = 17*c(i) - 6*g(i). Let m be a(6). Let b = m + 24. What are the prime factors of b?
7
Let w(g) = -g + 5. Let p be (-5)/(-15) - (-19)/(-3). What are the prime factors of w(p)?
11
Let z be (3/(6/10))/1. Suppose 0 = -3*y - z - 10. Let d = 5 - y. List the prime factors of d.
2, 5
List the prime factors of (-1)/(-1)*-3 - -40.
37
Let m(f) = f**3 - 8*f**2 + 2*f - 6. Let k(j) = 4*j - 4. Let b be k(3). Let x be m(b). What are the prime factors of (-24)/x*20/(-3)?
2
Suppose -4*c + 45 + 59 = -4*a, 70 = 3*c - a. Let l = 14 - c. List the prime factors of (-520)/(-32) - (-2)/l.
2
Let o(m) = -m**3 - m**2 + m - 1. Let r be o(1). List the prime factors of 14 + r*(-1 - -2).
2, 3
Let s = 10 - 8. Suppose -2*x = 3*m + s*x - 109, 0 = -m + 2*x + 23. List the prime factors of m.
31
Let q(l) = l**2 - 2*l + 1. Let r be q(3). Let h = 5 + r. List the prime factors of h.
3
Suppose 5*x - i + 9 = 99, 4*i = -5*x + 65. List the prime factors of x.
17
Suppose -6*t + 472 = -2*t. List the prime factors of t.
2, 59
Suppose 2*z = u, 5*u = -z - 4*z. Let d(x) = -2. Let w(m) = -m. Let k(i) = -d(i) + w(i). What are the prime factors of k(u)?
2
Suppose 4 = -2*z + 10. Suppose z*j - 3*g - 33 = 6, -89 = -5*j - g. List the prime factors of j.
17
Suppose -5*z - 2*s = s - 107, -5*z + 4*s + 79 = 0. List the prime factors of z.
19
Suppose 4*l + 0*r = r + 360, -2*r + 99 = l. List the prime factors of l.
7, 13
Let x = -71 - -25. Let q = -21 - x. What are the prime factors of q?
5
Suppose -2*w + 0 = -2. Let f be (w/(-1))/(2/(-6)). Suppose -5 = -5*p - t + 16, 5*t + f = 2*p. List the prime factors of p.
2
Let k(h) = -h**2 - 4*h + 2. Let u be k(-5). Let q = 10 + u. What are the prime factors of q?
7
Suppose -5*l + 5*r = -35, -2*l - l + 4*r + 20 = 0. List the prime factors of l.
2
Let x = 2 - -3. Suppose -75 = -x*k - 15. List the prime factors of k.
2, 3
Let x(n) = -4*n**3 + 2*n**2 + 2*n + 1. What are the prime factors of x(-2)?
37
Let i = 60 - 23. What are the prime factors of i?
37
Let h(d) = d**3 - 3*d**2 - 4*d - 1. Let f be h(4). Let o = f + 0. List the prime factors of (o + (-2)/(-4))*-4.
2
Let t be ((-24)/(-9) - 2)*3. Let y be t - 1/1*-1. Suppose 0 = -p + 6 + y. What are the prime factors of p?
3
Suppose -5*d + 22 = -38. What are the prime factors of d?
2, 3
Let c(r) = 6*r + 6. Let w(b) = -5*b - 5. Let h(q) = 3*c(q) + 4*w(q). Suppose -2*z + 6*z = -16. What are the prime factors of h(z)?
2, 3
Let y(b) = 27*b - 2. Let s be y(-2). What are the prime factors of (-1)/(-3) - s/3?
19
Let v(k) = 18*k - 1. Let q be v(-1). Let m = q + 48. List the prime factors of m.
29
Let q(u) = u**3 + 8*u**2 + 6*u - 1. What are the prime factors of q(-7)?
2, 3
Suppose -s + 2*d = -6, 5*s = 5*d - 8 + 28. Suppose -4*x = -s*r + 16, 3*r + 0*r - 21 = 3*x. Let q = r + -3. List the prime factors of q.
3
Let h = 3 + 2. Suppose -h*x + 0 = -20. What are the prime factors of x?
2
Suppose 0 = -3*v + 9 + 